1 + -7 + -2 + 1?
3
Evaluate 0 - ((13 - 6) + -2 + 3).
-8
What is -2 + (9 + 0 - 2)?
5
What is 5 + -2 + (0 - 1) + 0?
2
What is 3 - (4 + (-3 + 3 - 0))?
-1
Calculate -11 + 6 - (5 + -7).
-3
Evaluate 7 + 0 - 1 - (0 - -1).
5
What is -2 + 10 + 3 + -6?
5
What is -1 + (6 + 1 - 8)?
-2
What is 14 + -4 + (-2 - 3)?
5
What is (19 - 29) + (14 - 1)?
3
What is -3 + 5 + (0 - -2)?
4
(-3 - (-2 + -3 - 1)) + -4
-1
What is 9 - (6 - 4 - -2)?
5
What is the value of (10 - 19 - -8) + (-1 - -4)?
2
-5 + -2 + 7 + -3 + 1
-2
9 - (-5 + 14 + -10)
10
15 - 18 - (1 - 2)
-2
Evaluate -3 + (3 - -1) + 4 + -1.
4
What is (-10 - -15) + -9 - -6?
2
Evaluate (15 - 19) + 4 + -2 + 1.
-1
What is the value of (-9 - 6) + 17 - (-2 - 1)?
5
Calculate -4 + 3 - ((4 - 0) + -6).
1
What is the value of -3 + 4 - (-4 - (-4 + 6))?
7
What is the value of -5 + 0 - (-5 - -4)?
-4
Calculate 4 - (-5 - (-4 - (-11 - -7))).
9
0 + (-1 + 3 - -9) + -6
5
What is the value of -4 + 9 - (-4 - (4 + -7))?
6
Evaluate 2 - ((0 - 7) + 5 + 7).
-3
Evaluate -8 + 7 + -5 + 3.
-3
Calculate (0 - (5 - 12)) + -2 + -2.
3
What is 8 - ((4 - 2) + 4)?
2
Calculate (2 - 4 - -7) + (-21 - -13).
-3
Evaluate 5 - (5 + -4 + 2).
2
What is -3 - (-7 - (-1 - -2 - 4))?
1
Calculate -3 - (-1 - (4 + 3)).
5
What is 3 + 1 + -6 + 4?
2
What is 4 - (-3 - (-4 - (-2 + 9)))?
-4
(-2 - 9) + (-1 - -2) + 3
-7
Evaluate -7 - ((-8 - -4) + -3).
0
7 + (2 - (4 + 0))
5
What is the value of -6 - (7 - (-9 - -18))?
-4
Calculate (13 - 11) + -12 + 12.
2
Calculate 4 - (-2 + (3 - -6)).
-3
-14 - (10 + (-3 - 15))
-6
0 + 0 + 4 + 23 + -23
4
What is 6 - (-2 + 6) - (3 + 0)?
-1
Calculate 1 - 1 - 0 - (-11 - -13).
-2
What is -3 - (-4 + 2 + 3 + -4)?
0
Calculate 0 + (5 - 5) - (-2 - -1).
1
Calculate -2 + 16 + (46 - 71).
-11
Calculate 0 - 1 - -2 - (-3 + 5).
-1
2 - (3 + -1 + 1) - -3
2
Evaluate 4 + -21 + (1 - -9).
-7
What is the value of (12 - 11) + -5 + (3 - -5)?
4
What is -5 + 5 - 4 - 0?
-4
Evaluate 5 - (2 + (-6 - -1) - -6).
2
-2 + (4 + -1 - 0) + -3
-2
Calculate (36 - 13) + -2 + -12.
9
Calculate (-2 - (-3 - 0)) + 19 + -17.
3
Calculate (1 - -2) + (2 - 2).
3
Calculate (-4 + 8 - 0) + 3.
7
Evaluate 0 - (-2 + -3 + 3).
2
Calculate 9 + (-4 - 7 - -3).
1
Evaluate (11 - 0) + (-149 - -130).
-8
What is -31 - -28 - (-1 - 2) - 4?
-4
What is the value of -5 - (-7 - (0 + -4))?
-2
Evaluate (1 - 8) + (10 - 5).
-2
5 + (-9 - -3 - (0 - 7))
6
Calculate -12 + 9 + 4 + -5.
-4
What is the value of -12 - -1 - -13 - (1 - -3)?
-2
5 + -10 + 4 + -3
-4
What is -4 + 0 - (1 - 3)?
-2
What is -9 - -10 - (-1 - 0)?
2
Evaluate (-7 + 1 - -15) + -9.
0
Evaluate (-1 - -1) + (-19 - -22).
3
(-13 + 0 - -6) + (4 - 0)
-3
What is -5 + (6 - (5 - 5))?
1
What is -5 - ((-6 - (2 + -4)) + 1)?
-2
1 + 1 - (-1 - (0 - 5))
-2
Calculate -3 + (0 - (-4 - 2)).
3
Calculate 9 + -5 - (-2 - -10) - -1.
-3
What is the value of -2 - (0 + (3 + -1 - 2))?
-2
What is (1 - (-20 + 15)) + -13?
-7
Evaluate 39 + -46 + (0 - -8).
1
Calculate -6 + (8 - (-2 - -4)).
0
What is 9 - ((-9 - -6) + 10)?
2
Evaluate (3 - -1) + 1 + -9 + 1.
-3
Evaluate 4 + (-6 + 8 - 1).
5
Calculate (22 - 18) + (-6 - -8).
6
What is the value of (2 - -7) + -1 + -13?
-5
What is the value of -11 + (8 - 0) + 5?
2
What is -13 + 4 + 1 + (-5 - -11)?
-2
Calculate -8 + 2 + 5 + (2 - -2).
3
What is the value of -1 + 2 + 1 + -11 + 12?
3
Calculate -3 + (1 - -3) + 0.
1
Calculate 4 - 13 - (47 + -48).
-8
What is -1 - 0 - (-49 + 44)?
4
-9 + (3 - -6) + -4
-4
What is 1 - -1 - (5 - (-16 + 15))?
-4
-12 - (-10 - (13 - 15))
-4
7 - (6 + -2) - (4 - -3)
-4
Evaluate -71 + 76 - (0 - 1 - -11).
-5
What is the value of -11 + 14 - (1 - 1)?
3
What is 8 - ((-6 + 5 - 1) + 10)?
0
(10 - -1 - 9) + -6
-4
What is (-7 - -5 - -5) + -7?
-4
Evaluate -3 + -3 + (2 + 4 - 3).
-3
Evaluate -4 + 5 + (-1 - (2 + 0)).
-2
Calculate 6 + -4 - (6 + -4).
0
What is the value of -2 - -8 - (-8 - (-2 - 3))?
9
Evaluate -3 + 8 - 8 - (-2 - 5).
4
Evaluate -2 - (-3 - (3 - (2 - 4))).
6
What is the value of 8 + (-10 - (0 + -4))?
2
Calculate 3 + 2 - (0 + 5 + 2).
-2
What is the value of 3 - (-6 - (-7 - 3))?
-1
What is 2 - (-2 - (-2 + -4 + 1))?
-1
Calculate 5 - (2 + -2) - 4.
1
Evaluate 5 + -1 - ((10 - 3) + -2).
-1
Evaluate -2 - (-9 + -2) - (-8 + 12).
5
Evaluate -13 + 14 + 0 + -7.
-6
0 + (4 - -2) + -9 + 3
0
Calculate (8 - 4) + (22 - 32).
-6
Calculate -7 + (-4 + 7 - 6 - -6).
-4
What is the value of -1 - (7 - (3 - 6 - -6))?
-5
What is -3 - 0 - (9 - 12)?
0
What is the value of (0 - (-4 + (3 - 6))) + -3?
4
5 + 0 + -9 + -2
-6
Calculate (4 - 2 - -3) + -5 + 5.
5
What is the value of (1 - (-2 - -1)) + 3?
5
7 + -1 + -2 - (-3 + 0)
7
-10 + 3 + -1 + 2
-6
What is 6 + 2 + -1 + -2?
5
Calculate (0 - 6 - 9) + 12 + -5.
-8
Calculate 1 - ((-2 - (1 - 2)) + 6).
-4
What is (4 - 2) + 1 + -1 + -3?
-1
What is -1 + -2 + (0 - 6) + 1?
-8
What is the value of (-9 - -15) + -4 - (-1 - -5)?
-2
What is -4 + 7 + -2 + 6 + 0?
7
1 + (0 - 1) + 3 + 1
4
What is 10 - 11 - (-9 + 2)?
6
(0 - -3) + 1 - 0
4
Calculate 3 + (-11 - (10 + -21)).
3
Calculate 2 + -3 + 4 + 2 + -1.
4
Calculate -4 + (1 + -7 - -11) - -5.
6
-7 + (-1 - -5) - 4 - -4
-3
-3 + (0 + 1 + -3 - -4)
-1
Evaluate 2 + -3 + 0 + 0.
-1
What is -1 - 3 - (2 - (-2 + 6))?
-2
Evaluate -7 + (11 - (-1 + 0)).
5
Evaluate -6 + 6 - (-3 + -2 + 7).
-2
What is the value of 4 - 0 - (47 + -45)?
2
Calculate -13 - 0 - (4 + -11).
-6
4 + -11 - -11 - 12
-8
What is the value of -62 + 60 + (6 - -2)?
6
What is the value of -7 - (8 + -5 + -13)?
3
Evaluate (17 + -5 - (-2 - -6)) + -3.
5
Calculate -57 - -56 - (1 - 4).
2
What is the value of -2 + -1 + (5 - 2)?
0
0 + (-7 - (3 + -6))
-4
What is the value of 4 + -1 + (-6 - 3) - -4?
-2
Evaluate -15 + (16 - (16 + -11)).
-4
What is the value of -5 - (7 - 13) - 1?
0
-4 - 3 - -8 - (-1 - 2)
4
Evaluate 2 - (-2 + -1) - (1 - -2).
2
What is the value of -4 + (-11 - -13 - (-2 - 0))?
0
What is the value of -5 - (2 - 8 - -1)?
0
Calculate -7 + -2 - (-5 - (1 - 3)).
-6
3 + -1 + -10 + 14 + -5
1
What is the value of (20 - 16) + (-1 - 3) - -6?
6
What is the value of 4 - (7 + -5) - (-1 - 1)?
4
Evaluate 1 + 0 + (-90 - -88).
-1
Calculate 5 + (-3 - (-2 + 2) - 0).
2
(1 - 2) + 0 + 3 + -5
-3
What is -3 - (-3 + (9 + -4 - 5))?
0
4 + -2 - (17 + (9 - 20))
-4
-2 + 0 - (2 - (1 + 3))
0
What is 3 + 1 + 1 - (1 - -1)?
3
Evaluate (11 - (14 + -6)) + -8.
-5
0 + -2 + (3 - 5)
-4
What is 9 - 0 - (4 - -3)?
2
What is the value of 5 + 0 + -8 + 2 - -1?
0
What is 2 + (1 - 3) + (-2 - 1)?
-3
Calculate (2 - -2) + -2 + 6 + -7.
1
-8 - -3 - -1 - (2 + -11)
5
What is (33 - 29) + 0 + -4 + 4?
4
What is the value of -1 + -5 + (-5 - -9)?
-2
What is -2 + -7 + (-10 - -19)?
0
What is -1 + 2 + (-12 - -5)?
-6
What is 41 + -35 - (2 + 0)?
4
Calculate 35 - 32 - (0 - 0).
3
What is (1 - 4) + (1 - (5 - 10))?
3
Calculate -9 + 4 + 3 - -5.
3
What is -2 - ((3 - 6) + -3)?
4
(4 - -4) + -6 + 2 - 6
-2
What is the value of -28 + 7 - -27 - (1 - 1)?
6
What is 5 + (-8 + 4 + -1 - 4)?
-4
Evaluate 2 - (3 - 5 - -5) - 1.
-2
Calculate 0 + -3 + (-6 - (-7 - -2)).
-4
What is the value of (-5 - -5) + -4 + 3 + 1?
0
Calculate (1 - 5) + (-2 - -5) + 0.
-1
Calculate (8 - 2) + 24 + -24.
6
What is -8 - (-10 + -2 + -4)?
8
What is -1 + -2 - ((-1 - -4) + -2)?
-4
Calculate 8 + 6 + -5 + -2 + -6.
1
Calculate -6 - (-8 - -8) - 0.
-6
What is the value of -4 + 10 - (-7 + 3 + 15)?
-5
What is the value of (-21 - -29) + (3 - 4 - 0)?
7
Evaluate 3 - (29 + -25 - (0 - -7)).
6
14 + (-10 - -2) + -6
0
What is the value of 0 + -5 + (3 - (2 + -1))?
-3
29 + -25 + 0 + 1
5
What is -9 - (-5 - (2 + (-6 - -3)))?
-5
What is the value of 0 - 8 - (-14 - -8)?
-2
What is the value of (-2 - -7) + (-3 - 11) + 3?
-6
What is 1 + (2 - 0) + -4 + 0?
-1
Calculate -1 + 4 + 1 + 1 + 0.
5
2 + 2 + -4 + 3
3
Evaluate 16 + -13 - (-2 - 0).
5
What is the value of 0 + -3 + 13 + (17 - 23)?
4
Calculate 11 - 3 - (4 + -1 - -1).
4
Calculate (-9 - -21) + 10 + -24.
-2
-8 - 1 - (4 - (14 + -6))
-5
Evaluate -4 - -3 - 0 - -6.
5
What is 10 + -7 + 0 + 3?
6
Evaluate -4 + 6 + -6 + 6 - 5.
-3
Evaluate 25 + -21 + 0 + -2 + 0.
2
What is -1 + 4 - (-2 - -5)?
0
Evaluate -4 - (-5 - 0) - 0.
1
What is the value of 5 + -1 + -3 + 2?
3
(4 + -2 + -5 - -5) + -3
-1
What is the value of 14 + -14 - (2 + -4)?
2
5 + -5 + 6 + 1 + -2
5
Calculate 1 + 4 - (-1 + 7 + -6).
5
What is the value of 4 + 4 + -8 + -4?
-4
What is the value of (0 - 0) + (-9 - -12)?
3
-1 - -5 - (12 - 4)
-4
Evaluate -6 - -2 - (1 + -6).
1
What is the value of -5 +